when 242 is divided by 47?
7
What is the remainder when 109 is divided by 41?
27
What is the remainder when 357 is divided by 15?
12
Calculate the remainder when 92 is divided by 12.
8
Calculate the remainder when 24 is divided by 15.
9
What is the remainder when 227 is divided by 33?
29
What is the remainder when 34032 is divided by 182?
180
Calculate the remainder when 1184 is divided by 384.
32
What is the remainder when 1610 is divided by 52?
50
Calculate the remainder when 240 is divided by 85.
70
What is the remainder when 320 is divided by 108?
104
What is the remainder when 293 is divided by 9?
5
Calculate the remainder when 449 is divided by 75.
74
Calculate the remainder when 439 is divided by 219.
1
What is the remainder when 3582 is divided by 64?
62
What is the remainder when 8743 is divided by 53?
51
Calculate the remainder when 153 is divided by 30.
3
What is the remainder when 93 is divided by 24?
21
What is the remainder when 6603 is divided by 13?
12
What is the remainder when 75 is divided by 20?
15
Calculate the remainder when 352 is divided by 182.
170
What is the remainder when 33 is divided by 15?
3
Calculate the remainder when 1755 is divided by 44.
39
Calculate the remainder when 276 is divided by 154.
122
What is the remainder when 264 is divided by 49?
19
Calculate the remainder when 109 is divided by 24.
13
What is the remainder when 838 is divided by 42?
40
Calculate the remainder when 343 is divided by 43.
42
What is the remainder when 36764 is divided by 19?
18
What is the remainder when 284 is divided by 88?
20
What is the remainder when 111 is divided by 21?
6
Calculate the remainder when 4533 is divided by 42.
39
Calculate the remainder when 49 is divided by 22.
5
What is the remainder when 181 is divided by 14?
13
Calculate the remainder when 20529 is divided by 3.
0
What is the remainder when 31095 is divided by 6?
3
What is the remainder when 47 is divided by 14?
5
What is the remainder when 255 is divided by 99?
57
What is the remainder when 302 is divided by 13?
3
What is the remainder when 431 is divided by 62?
59
Calculate the remainder when 605 is divided by 74.
13
What is the remainder when 3346 is divided by 17?
14
What is the remainder when 65 is divided by 17?
14
What is the remainder when 186 is divided by 47?
45
Calculate the remainder when 90 is divided by 7.
6
What is the remainder when 1081 is divided by 33?
25
What is the remainder when 135 is divided by 41?
12
What is the remainder when 976 is divided by 74?
14
Calculate the remainder when 283 is divided by 6.
1
Calculate the remainder when 220 is divided by 36.
4
What is the remainder when 58 is divided by 49?
9
What is the remainder when 4092 is divided by 178?
176
Calculate the remainder when 78 is divided by 22.
12
Calculate the remainder when 379 is divided by 10.
9
Calculate the remainder when 318 is divided by 70.
38
What is the remainder when 1970 is divided by 9?
8
Calculate the remainder when 881 is divided by 52.
49
Calculate the remainder when 597 is divided by 20.
17
Calculate the remainder when 332 is divided by 29.
13
Calculate the remainder when 19 is divided by 8.
3
What is the remainder when 45 is divided by 21?
3
What is the remainder when 3773 is divided by 51?
50
What is the remainder when 139 is divided by 50?
39
Calculate the remainder when 140 is divided by 59.
22
Calculate the remainder when 17 is divided by 8.
1
Calculate the remainder when 552 is divided by 51.
42
Calculate the remainder when 1196 is divided by 171.
170
Calculate the remainder when 177 is divided by 20.
17
What is the remainder when 294 is divided by 13?
8
What is the remainder when 3787 is divided by 90?
7
Calculate the remainder when 3850 is divided by 94.
90
Calculate the remainder when 44 is divided by 14.
2
What is the remainder when 17 is divided by 4?
1
Calculate the remainder when 24 is divided by 13.
11
What is the remainder when 261 is divided by 12?
9
What is the remainder when 658 is divided by 108?
10
Calculate the remainder when 25 is divided by 13.
12
What is the remainder when 406 is divided by 163?
80
What is the remainder when 53 is divided by 18?
17
Calculate the remainder when 93 is divided by 11.
5
What is the remainder when 24 is divided by 17?
7
What is the remainder when 401 is divided by 49?
9
Calculate the remainder when 92 is divided by 17.
7
What is the remainder when 283 is divided by 59?
47
What is the remainder when 986 is divided by 277?
155
Calculate the remainder when 574 is divided by 97.
89
Calculate the remainder when 31 is divided by 30.
1
Calculate the remainder when 3836 is divided by 201.
17
What is the remainder when 3463 is divided by 231?
229
What is the remainder when 427 is divided by 121?
64
Calculate the remainder when 41 is divided by 6.
5
Calculate the remainder when 88 is divided by 24.
16
What is the remainder when 521 is divided by 58?
57
What is the remainder when 3267 is divided by 63?
54
Calculate the remainder when 811 is divided by 39.
31
Calculate the remainder when 526 is divided by 136.
118
Calculate the remainder when 1012 is divided by 102.
94
Calculate the remainder when 636 is divided by 8.
4
Calculate the remainder when 388 is divided by 30.
28
Calculate the remainder when 2712 is divided by 23.
21
Calculate the remainder when 158 is divided by 10.
8
Calculate the remainder when 85 is divided by 25.
10
What is the remainder when 558 is divided by 28?
26
Calculate the remainder when 372 is divided by 88.
20
Calculate the remainder when 7494 is divided by 49.
46
Calculate the remainder when 68 is divided by 18.
14
Calculate the remainder when 420 is divided by 193.
34
What is the remainder when 26589 is divided by 8?
5
Calculate the remainder when 39765 is divided by 133.
131
What is the remainder when 3057 is divided by 47?
2
Calculate the remainder when 451 is divided by 88.
11
What is the remainder when 795 is divided by 6?
3
What is the remainder when 771 is divided by 193?
192
Calculate the remainder when 91 is divided by 51.
40
What is the remainder when 142 is divided by 39?
25
Calculate the remainder when 2585 is divided by 374.
341
Calculate the remainder when 295 is divided by 79.
58
Calculate the remainder when 1232 is divided by 6.
2
Calculate the remainder when 154 is divided by 26.
24
What is the remainder when 1224 is divided by 47?
2
What is the remainder when 150 is divided by 26?
20
Calculate the remainder when 173 is divided by 119.
54
What is the remainder when 438 is divided by 90?
78
What is the remainder when 183 is divided by 77?
29
What is the remainder when 781 is divided by 17?
16
Calculate the remainder when 225 is divided by 218.
7
Calculate the remainder when 678 is divided by 7.
6
What is the remainder when 190 is divided by 100?
90
Calculate the remainder when 110 is divided by 28.
26
What is the remainder when 453 is divided by 57?
54
Calculate the remainder when 245 is divided by 165.
80
What is the remainder when 984 is divided by 166?
154
Calculate the remainder when 1392 is divided by 455.
27
What is the remainder when 72 is divided by 32?
8
What is the remainder when 113 is divided by 44?
25
What is the remainder when 7741 is divided by 16?
13
Calculate the remainder when 5148 is divided by 3.
0
What is the remainder when 83 is divided by 14?
13
Calculate the remainder when 757 is divided by 188.
5
What is the remainder when 183 is divided by 37?
35
What is the remainder when 197 is divided by 43?
25
Calculate the remainder when 157 is divided by 81.
76
Calculate the remainder when 226 is divided by 108.
10
What is the remainder when 688 is divided by 140?
128
What is the remainder when 379 is divided by 10?
9
What is the remainder when 628 is divided by 42?
40
What is the remainder when 387 is divided by 22?
13
Calculate the remainder when 91 is divided by 78.
13
What is the remainder when 159 is divided by 11?
5
Calculate the remainder when 361 is divided by 7.
4
Calculate the remainder when 331 is divided by 111.
109
Calculate the remainder when 32 is divided by 31.
1
What is the remainder when 159 is divided by 18?
15
Calculate the remainder when 924 is divided by 45.
24
Calculate the remainder when 564 is divided by 66.
36
What is the rem